 + 4*i + 9699 = 0. What is the remainder when b is divided by 4?
3
Let j(i) = -30*i**2 - 4*i - 1. Let o be j(2). Let u = -89 - o. What is the remainder when u is divided by 15?
10
Let k(x) = -x**2 + 7*x + 18. Suppose -32 = 4*g - 64. What is the remainder when 27 + -2 + -1 + 2 is divided by k(g)?
6
Suppose 32*z + 70 = 774. Suppose -z*p + 26*p - 508 = 0. What is the remainder when p is divided by 43?
41
Calculate the remainder when 31 is divided by (-1 + (-12)/(-1))/1 - -7.
13
Let c(d) = 18*d**2 + 16*d + 40. What is the remainder when c(-3) is divided by (-2 - 1) + 1 + 55/1?
48
Let h = -108 - -113. Let d be -2 + (1 - 3/1 - h). What is the remainder when (-3)/(d/33) + (-3 - -4) is divided by 8?
4
Suppose 0 = 8*q - 5972 - 8108. What is the remainder when q is divided by 439?
4
Suppose -3*c - 3124 = -47*c. Suppose 0 = 3*a - 268 - c. What is the remainder when a is divided by 55?
3
Let u(o) = -5*o**2 + 79*o + 29. Let y be u(16). Let m(v) = v**2 - 5*v + 97. Calculate the remainder when m(y) is divided by 42.
33
Let a = 16094 + -16087. What is the remainder when 5815 is divided by a?
5
Let l(o) = -o**3 - 3*o**2 + 3*o + 2. Suppose 8 = 37*z - 36*z. Let g be 3/(10/z - 2). Calculate the remainder when 20 is divided by l(g).
2
Let k = 213 + -214. Calculate the remainder when 89 is divided by (46 - k) + 34 + -32.
40
Suppose 0 = -0*c + 6*c - 24. Suppose 14 = -q + c*h - 14, -4*q - 154 = -2*h. Let a = q - -60. What is the remainder when 39 is divided by a?
19
Suppose -58*l - 10*l = -239088. Calculate the remainder when l is divided by 80.
76
Suppose 4 + 11 = 3*w. Suppose -36 = -w*k + 9. Suppose 0 = k*a + 17 - 116. Calculate the remainder when 41 is divided by a.
8
Let y(b) = 5*b**2 - 38*b + 85. Let o = 1 + -1. Suppose j - 10 = -o*j. Calculate the remainder when y(6) is divided by j.
7
Suppose -k + t = -661, -5*k - 2*t = 971 - 4318. Calculate the remainder when k is divided by 176.
139
Suppose -13*y + 14*y = -v + 13, y + 2*v - 16 = 0. What is the remainder when 45 is divided by y?
5
Let c(v) = -3*v**3 + 36*v**2 - 64*v - 34. Calculate the remainder when c(7) is divided by 123.
7
Suppose -2*u = 2*s - 30, 0 = -0*s - 4*s + 4*u + 28. Suppose -m + 40 = 3*l, 4*l = 97*m - 94*m - 120. What is the remainder when m is divided by s?
7
What is the remainder when 65 is divided by (3 - (0 + 3)) + 21 + -12?
2
Calculate the remainder when 458 is divided by 110 + -2 + -4 + -27.
73
Suppose -2*q - 823 = -5*i, -3*i - 4*q + 325 = -174. Calculate the remainder when i is divided by (38/209)/(6/462).
11
Let d(h) = -h**2 - 25*h. Let g be d(-24). Suppose 0 = 5*u - 2*x - 41, 3*x = 2*u - 4*u + g. What is the remainder when 42 is divided by u?
6
Let j(g) = g**2 - 17*g + 7. Suppose 12*p + 3*n - 77 = 8*p, 3*p - 59 = -n. Calculate the remainder when j(p) is divided by 37.
30
Let w(j) = 2*j**2 + 2*j + 10. Let x = -3979 - -3991. Calculate the remainder when w(8) is divided by x.
10
Suppose 4*f - 5 = 15. Suppose 5*l - 3 = -23, -2*a - f*l = -14. Let w(h) = -7*h**3 + 4*h**2 + h - 3. Calculate the remainder when w(-2) is divided by a.
16
Suppose -2128 = -q - 1326 + 1326. Calculate the remainder when q is divided by 22.
16
What is the remainder when 3819 + (3 - 9)*((-63)/(-14))/9 is divided by 1908?
0
Let s(b) = -5*b - 96. Let l be s(-12). Calculate the remainder when 126 is divided by (-5 - l/8)*-36.
0
Let a(z) = -z**3 + 8*z**2 - 10*z + 7. What is the remainder when (-14)/91 - (-30848)/416 is divided by a(6)?
17
What is the remainder when ((-6 - -7 - -16) + -26)*236/(-18) is divided by 22?
8
Suppose -4*i - 2*t = -48, -2*t = -4*i + 3*t + 48. Suppose 0*v = 4*v - i, -v - 90 = -3*w. Calculate the remainder when 244 is divided by w.
27
Let p = 2663 + -2599. Calculate the remainder when 957 is divided by p.
61
Suppose -3*m = -0*m - 258. Suppose 14*b + 68310 = -9*b. Calculate the remainder when m is divided by (-6*(-2)/10)/((-81)/b).
42
Suppose 68 = -21*d + 22*d. Suppose 10*x = 7*x + 186. What is the remainder when x is divided by (-2 - -3)/(2/d)?
28
Suppose 2533 = t + 2*k, -54*t - 3*k = -52*t - 5072. What is the remainder when t is divided by 67?
66
What is the remainder when 771 is divided by -2 - (12/18)/(-2*(-2)/(-534))?
75
Suppose 0 = 566*t - 569*t. Suppose 0 = -7*d + 5*d - 2*f + 36, -5*f = t. What is the remainder when 124 is divided by d?
16
Let a(s) = 2*s + 4. Suppose -2*d + 56 = -4*u + 268, 4*u + d = 200. Calculate the remainder when u is divided by a(4).
3
Let l be 9/(27/(-6)) - -1158. Let y = l - 794. What is the remainder when y is divided by 13?
11
Calculate the remainder when (-3)/(-6)*(-45 + 5563) is divided by 41.
12
Let u(b) be the first derivative of b**3 + 11*b**2/2 - 8*b - 47. Calculate the remainder when u(-6) is divided by 12.
10
What is the remainder when 877 is divided by 3/(-4)*25276/(-213)?
76
Let d(v) = 32*v + 842. What is the remainder when d(-24) is divided by 5?
4
Suppose -4*g + 488 = 4*v, -2*v + 0*v + 4*g + 268 = 0. Let m = -125 + v. What is the remainder when 6 is divided by (m - 3)/(-1) + 0?
0
Let m be 44/7*((-21)/(-2))/3. Let n(r) = -m + 3 + 4 + 8*r. What is the remainder when n(20) is divided by 37?
34
Suppose -h + 41 = 4*x, 63*x = 3*h + 58*x - 89. What is the remainder when 3427 is divided by h?
28
Suppose -8 = -4*y, -b = 4*b - y - 43. Calculate the remainder when 3/b - (-4)/(60/2395) is divided by 60.
40
Let t(a) = -1850*a + 8. Let c be t(-4). Suppose c = 6*q + 2*q. Suppose 9*w + 260 = q. Calculate the remainder when w is divided by 16.
10
Let a(p) = p**2 + 3*p - 6. Let m be a(2). Let z be (6/2 + 0)*m/(-6). Let f = z - -40. What is the remainder when f is divided by 20?
18
Suppose 0 = 9*k - 7*k - 112. Suppose 79 = 2*a + 48*i - 45*i, 0 = i + 1. Calculate the remainder when k is divided by a.
15
Let d = 64 + -49. Suppose 0 = 12*t - 3 - 21. Suppose 2*p + 2 = t*l + 90, -p = 4*l - 44. What is the remainder when p is divided by d?
14
Let u(a) be the third derivative of a**5/12 + 13*a**4/4 + 5*a**3/6 - 59*a**2. Calculate the remainder when u(-17) is divided by 7.
5
What is the remainder when 1962 is divided by (-8 - (-580)/100)*-10?
4
Suppose -5*i = q + 2*q - 121, -2*q = 2*i - 46. Calculate the remainder when 1008 is divided by i.
20
Let l = -27 + 29. Let f be (-33)/1*(l/(-2) + 0). Calculate the remainder when 43 is divided by 492/44 + (-6)/f.
10
Suppose -2*k + 110 = 4*d, -77 = -k + 3*d - 32. Let i = 144 - k. Suppose 49*b = 43*b + 114. Calculate the remainder when i is divided by b.
17
Let s(n) = n**3 - 29*n**2 + 135*n - 1. What is the remainder when 711 is divided by s(5)?
45
What is the remainder when 125 is divided by 17/(459/36)*435/10?
9
Calculate the remainder when 32/(-176) + 45156/66 is divided by 418.
266
Suppose -4*j + 13*x + 3749 = 10*x, j - 942 = -4*x. Let n = j - 901. Calculate the remainder when 123 is divided by n.
12
Suppose 8*w - 267 + 59 = 0. Suppose 0 = -19*n + w + 164. What is the remainder when n is divided by 7?
3
Suppose 5 + 0 = -r - 5*f, 3*r = f + 65. Suppose -7*j = -2*j - r. What is the remainder when (-2 + 1 - (-2)/j)*-122 is divided by 21?
19
What is the remainder when ((-5)/2 + -1)*(-37 - 2749) is divided by 3?
1
Let z = -134 - -150. Suppose 618 = 6*h + 552. Calculate the remainder when z is divided by h.
5
Suppose 3*x = 3*b + 18, 0 = -3*x + 2*x + 2*b + 8. Suppose -5*r + 30 = -2*d + 25, 0 = -x*d + 4*r + 20. What is the remainder when 329 is divided by d?
9
Let p(l) = l**3 - 5*l - 69. What is the remainder when p(6) is divided by 8?
5
Suppose -30*a + 8323 = 1633. Calculate the remainder when 450 is divided by a.
4
Let q be (-3)/(-30) + 53326/140. Let x = q - 366. Suppose 0*z = -2*z + 16. Calculate the remainder when x is divided by z.
7
Let j(d) = d**3 + 2*d**2 - 2*d + 6. Let g be j(-3). Suppose -g - 7 = -o. Suppose 0 = -o*q + 8*q + 76. What is the remainder when q is divided by 7?
3
Let q(b) = 2*b**3 + 18*b**2 + 37*b + 43. Let m be q(-10). Let a = m + 541. What is the remainder when 67 is divided by a?
11
Let u be (-4)/(7/((-35)/(-10))). What is the remainder when 105 is divided by 444/(-24)*(0 - u/(-1))?
31
Let a(p) = -p**2 + 20*p - 42. Let y be a(18). Calculate the remainder when y*(1647/18)/(27/(-12)) is divided by 41.
39
Suppose -2*u = -i - 2883, 0 = -2*u + 5*i + 3174 - 287. Calculate the remainder when u is divided by 13.
11
Suppose -4*x -